est common divisor of 21 and a?
7
Suppose -75 = -5*k - 0*c - 5*c, 52 = 4*k - 4*c. Calculate the greatest common divisor of 70 and k.
14
Let g = 11 - -25. Suppose 3*p = -3*u - 2*p - 13, -2*u - 12 = 4*p. Calculate the highest common divisor of u and g.
4
Suppose -5*k = -32 - 38. Let n be -1 + 2 + 3/1. Let c be 498/21 + n/k. Calculate the highest common divisor of c and 16.
8
Suppose 816 = -3*o + 9*o. What is the greatest common divisor of 34 and o?
34
Suppose 0 = 3*m + 3*q - 9, 3*m + 0*q + 2*q = 8. Suppose j - m = 1. Suppose i + t = 0, 5*i + t - 8 = 4*t. What is the greatest common divisor of j and i?
1
Let d be 17/2 + (-4)/8. What is the greatest common divisor of 4 and d?
4
Suppose -4*r + 7*r = -5*p + 80, 2*r = -p + 16. Suppose -4*n = -0 + p. Let g(f) = -16*f - 1. Let s be g(n). What is the highest common divisor of 7 and s?
7
Let g = -9 + 14. Suppose g*l - 57 - 293 = 0. Calculate the greatest common divisor of 14 and l.
14
Let a be -2 - (-4 - (-3 + 4)). What is the highest common divisor of a and 15?
3
Let k be 1 + (-8)/(3 - 5). Calculate the highest common divisor of k and 5.
5
Suppose -n + 3*o - o = -145, -n - o + 142 = 0. Calculate the greatest common factor of 13 and n.
13
Let q(z) = z**2 - 6*z - 2. Let n be q(8). Let j = -6 - -8. What is the greatest common factor of n and j?
2
Let o(w) = 9*w**2 + w - 8. Let c be o(4). Calculate the greatest common divisor of 20 and c.
20
Let u(a) = 8*a**2. Suppose 4*v = 105 - 9. Let o be (-10)/35 - v/14. Let l be u(o). Calculate the greatest common factor of l and 48.
16
Let s(b) = b**3 - b**2. Let d be s(0). Suppose -u = d, 0*u = -3*y - 5*u + 66. Let a = y - 4. Calculate the greatest common factor of a and 12.
6
Suppose 0*m - 126 = -2*m. What is the greatest common divisor of 21 and m?
21
Let s = 40 - 38. What is the greatest common factor of s and 1?
1
Suppose -q + 88 = -v, -4*q - 2*v = 3*v - 370. What is the greatest common factor of 10 and q?
10
Suppose d - 18 = -2*d. Suppose 3*q - 3 = d*q. Let l be (-2)/(4/q)*10. Calculate the greatest common factor of 10 and l.
5
Let z(b) = 2*b**2 - 16*b - 16. Let y be z(16). What is the greatest common factor of 40 and y?
40
Suppose 5*h = 9 + 36. Suppose 11 = -5*w - h. Let v be ((-10)/w)/((-2)/(-4)). What is the greatest common divisor of 25 and v?
5
Suppose 5*c + 168 = 7*c. Let t = -5 + -7. Let s = t - -24. Calculate the greatest common divisor of s and c.
12
Suppose 4*p + 0*a - 23 = -3*a, 3*p - 26 = -4*a. Let h be -29 - 1/p*4. Let c be 0 + 1 - h/1. Calculate the highest common factor of c and 8.
8
Let j(a) = a**3 + 11*a**2 - 11. Let r be j(-10). Let f = r + -149. Let h = 225 + f. What is the highest common factor of 15 and h?
15
Suppose -3*f - 43 = -2*x - 2*f, -x = -f - 23. Let r = x - 3. Calculate the highest common divisor of 17 and r.
17
Suppose -5*v = -4*f + 1039, f + 2*f = -5*v + 788. Suppose 4*a + 5*g = 939, 3*g - f = -2*a + 210. Calculate the highest common factor of 21 and a.
21
Suppose 64 + 144 = 8*n. Calculate the greatest common divisor of 91 and n.
13
Suppose 0 = -2*l - 0*l + 56. Suppose -2*q + 8 + l = 0. Suppose -k - 2*m - 2*m + 1 = 0, 0 = 2*k - 4*m - 26. Calculate the highest common factor of k and q.
9
Let d(h) = 4*h**2 + 33*h - 16. Let n be d(-10). What is the highest common divisor of 36 and n?
18
Let a = 49 - 31. Calculate the greatest common factor of 6 and a.
6
Let w(y) = -y**3 + 4*y**2 - 5*y**2 - 5*y - 2 + 3*y**3 + 0*y**3. Let o be (2/3)/((-2)/(-15)). Let l be w(o). What is the highest common factor of 18 and l?
18
Suppose -2*l - 36 - 32 = -5*i, 0 = -3*i + 2*l + 44. Let s be 4/10 - (-84)/(-35). Let h be (1/s)/(1/(-12)). Calculate the greatest common factor of h and i.
6
Let i = 99 - 22. Let m = i + -49. What is the greatest common divisor of 42 and m?
14
Suppose 9*j - 5*u = 4*j + 40, 3*j = -5*u - 8. Calculate the greatest common factor of j and 28.
4
Let y be (-4)/14 + (-2 - (-726)/42). Suppose 0 = d - 0*d. Suppose 5*k = -d*k + 50. Calculate the highest common divisor of y and k.
5
Suppose 3*h + 432 = 5*g + 167, g + h = 61. Let l = 3 - 2. Let j be (-2)/((-1)/7*l). Calculate the highest common factor of j and g.
14
Suppose -5*v - 4*n - 9 = 0, 0 = -v + 6*v + 5*n + 5. Let u be (v/3)/(3/(-117)). Calculate the highest common divisor of 26 and u.
13
Suppose -2*d = -0*d + 8. Let a = d - -7. Let r be ((-2)/6)/(a/(-63)). Calculate the greatest common divisor of 14 and r.
7
Let g(b) = -3*b - 5. Let f be g(-4). Suppose f*a - 6*a = 50. Calculate the greatest common divisor of 10 and a.
10
Let q(v) = v - 8. Let l be q(10). Let c(w) be the second derivative of 9*w**3/2 - 3*w**2/2 + w. Let g be c(l). Calculate the highest common divisor of g and 17.
17
Let b(y) = y**3 - 7*y**2 + 3. Let w be b(8). Suppose -3*z + 2*s = -w, -3*z + 2*s - 4*s + 59 = 0. What is the highest common divisor of z and 63?
21
Let f = -1 - -1. Suppose f = -3*w + 8*w - 25. What is the highest common divisor of w and 10?
5
Suppose -4*k + 45 = k. What is the highest common factor of 45 and k?
9
Let c = 23 + -11. Let f be ((-125)/(-10))/((-1)/(-2)). Suppose 23 = y + 5*s, 4*s = y - 93 + f. Calculate the highest common factor of y and c.
12
Suppose -2*d - d - h + 14 = 0, -2*d + 4*h - 14 = 0. Suppose 5*i - d*n - 14 = 327, -5*i = -4*n - 338. Calculate the highest common divisor of i and 14.
14
Let h(m) = m**2 - m - 1. Let a be h(3). Let g be (a + -1)/((-10)/(-35)). What is the greatest common divisor of g and 14?
14
Let f be 10875/39 - (-8)/52. Calculate the greatest common divisor of 31 and f.
31
Suppose 2*f - 128 = -0*f - 4*x, 236 = 4*f + 3*x. Calculate the greatest common divisor of 14 and f.
14
Let u be 47/4 + 1/4. Let x = 100 - 88. Calculate the highest common divisor of u and x.
12
Suppose 3*l + 2*l - 20 = 0. What is the highest common divisor of l and 12?
4
Suppose 0*h = -h - 4. Let z = 1 + h. Let v = 0 - z. What is the greatest common factor of v and 33?
3
Let k(z) = -6*z - 7. Let x be k(-4). Calculate the greatest common divisor of 136 and x.
17
Let y = 2 - 17. Let d = -6 - y. Suppose -12 - d = -3*w. Calculate the greatest common divisor of 7 and w.
7
Let d = 0 + -2. Let o be d/(-3)*6/4. What is the greatest common factor of o and 1?
1
Let b be 126/4 + (-5)/30*9. What is the highest common factor of b and 330?
30
Let x = 241 + -131. What is the highest common divisor of 44 and x?
22
Let v(z) = z + 8. Let k be v(24). Let o = 157 + -77. Calculate the greatest common factor of o and k.
16
Let f(h) = -3*h - 4 + 0*h + 6 + 7*h**2. Let n be f(2). Suppose -v + 15 = -3*k - 0, -63 = -5*v + 3*k. Calculate the highest common factor of n and v.
12
Let g(s) = -s - 1. Let n be g(-2). Let b be (-3)/6*-8 + 0/(-2). Calculate the greatest common divisor of b and n.
1
Suppose -3*w + 22 = u - 2*u, -49 = 4*u + w. Let c = -12 - u. Calculate the highest common factor of 9 and c.
1
Let r(l) = -48*l. Let k be r(-2). Suppose 3*w = -w + k. Calculate the highest common factor of 3 and w.
3
Suppose 5*d - t = 97, -2*t = 4*d - 6*d + 42. What is the greatest common divisor of 133 and d?
19
Suppose 8*y - 7*y = 2. Suppose y + 53 = 5*w. What is the highest common factor of w and 77?
11
Suppose 4 = -n + 8. Calculate the highest common factor of 20 and n.
4
Suppose 13*g - 153 = 120. Calculate the greatest common divisor of 147 and g.
21
Let z(m) = -m + 7. Let i be z(5). Let n = -47 - -105. Let p = i + n. What is the greatest common factor of p and 24?
12
Suppose -5*z - 3*k = -327, -5*z - k + 303 = -4*k. Calculate the greatest common divisor of z and 21.
21
Suppose 2*f = 7*f - 90. Let a be (-6)/(-27) + 1436/f. What is the highest common divisor of a and 16?
16
Let x be 5/2*(-16)/(-10). Suppose -x*v + 161 = -147. Suppose 4*t + 29 = v. Calculate the greatest common factor of t and 48.
12
Let q be (-4)/(-10) - 3608/(-55). Suppose -w - 34 = -2*w - 5*b, -w + 3*b = -50. Calculate the greatest common divisor of w and q.
22
Let p be (42/9)/(2/6). Suppose 73 = 5*x + 3. What is the greatest common factor of x and p?
14
Let k be (-32)/(-6)*(-12)/4. Let t be (-516)/k - (-2)/(-8). Suppose 0 = 5*s + c - 61, -32 - t = -4*s + 3*c. What is the greatest common factor of 26 and s?
13
Let f be 5 - 5 - (-6)/2. Suppose -5*t - 1 = -2*b - 18, b + 3*t = -f. Let z = b + 20. What is the greatest common factor of 21 and z?
7
Let u(d) = -3*d**3 